- 18 + j. List the prime factors of (70 + -4)*(-6)/i.
3, 11
Let c(h) = 104*h**2 + 2*h - 1. Let z(d) = d**2 - d - 1. Suppose 5*i + 9 = -6, -4*i - 13 = v. Let w be z(v). List the prime factors of c(w).
3, 5, 7
Let x(h) = -30*h + 107. Let s(a) = -91*a + 321. Let b(v) = -3*s(v) + 8*x(v). What are the prime factors of b(20)?
7, 79
Let w be -3*2/3 - 44. Let s be -4*(-42)/24 - -101. Let g = s + w. What are the prime factors of g?
2, 31
Let b = -1216 - -3783. What are the prime factors of b?
17, 151
Let v(y) = -22*y**3 - 5*y**2 + 11*y + 16. List the prime factors of v(-6).
2, 7, 17, 19
Let l = -97296 + 52466. What are the prime factors of l/(-95) + -4 - (-2)/19?
2, 3, 13
Let m(z) = -76*z + 32. Let r be (-2 - -1)*(-16 + 19). List the prime factors of m(r).
2, 5, 13
Let h = 3227 + -2668. Suppose 2*y - 746 = -4*k, 0 = -y - 4*k + 221 + 144. Let l = h - y. List the prime factors of l.
2, 89
Let f(q) = q**3 + 4*q**2 + 4*q + 9. Let b be f(-3). Let r(o) = 68*o + 26. What are the prime factors of r(b)?
2, 7, 31
Let l(i) = 125*i - 101*i - 1 + 38. What are the prime factors of l(14)?
373
Let a(r) = 186*r**2 + 36*r + 244. What are the prime factors of a(-8)?
2, 5, 593
Let v be -4 + -12*(0 + -1). Suppose l - 4*f = -v*f, 5*f = -2*l. Suppose l = 11*h - 1371 + 51. What are the prime factors of h?
2, 3, 5
Let q = 8 + 4. List the prime factors of (-11)/((-44)/16)*q.
2, 3
What are the prime factors of ((-518)/(-3))/1*(-1116)/(-217)?
2, 3, 37
Suppose 2*d = 2*a + 54, -36 = -3*a - d - 97. Let r(j) = j**2 + 21*j - 22. Let z be r(a). Let x(h) = -h**3 + h**2 + 270. List the prime factors of x(z).
2, 3, 5
Suppose 209*d + 79912 = 301034. List the prime factors of d.
2, 23
Let s(j) = 34*j + 120. Let m(l) = -23*l. Let z be m(-1). What are the prime factors of s(z)?
2, 11, 41
Suppose 0 = 7*y - 26268 - 14962. Suppose -y = 40*o - 50*o. List the prime factors of o.
19, 31
Suppose -r = -5*t + 2*r + 9, -3*t + 5*r + 15 = 0. Let u be 44/(-748) - 2687/(-17). Suppose -m - 2*b = -48, t*b - b = -3*m + u. List the prime factors of m.
2, 13
Let q = 69 - 63. Suppose -5*c = a - 25, 5*c = 2*a + q + 4. Suppose 4*l = -0*l + a*i + 21, -6 = l - 5*i. List the prime factors of l.
3
Suppose 33 = 2*q + 4*y + 5, -2*y = -3*q + 58. List the prime factors of 9/(q/(-8))*510/(-8).
3, 5, 17
Let s = -33 + 44. Let j = -19 + s. What are the prime factors of 164/(-6)*(j - -5)?
2, 41
Suppose 0 = 8*m - 7*m - 6. Suppose 2115 = 5*a + 3*x - m*x, -3*a + 1235 = 5*x. What are the prime factors of a?
2, 3, 5, 7
Let t = 133 + -168. What are the prime factors of 4/10 + (-5831)/t?
167
Suppose 11*m - 86331 = -3*p + 15*m, 0 = 5*p - 5*m - 143890. List the prime factors of p.
17, 1693
Suppose 6*r - 8 + 74 = 0. Let d(k) = -k**3 - 12*k**2 - 15*k - 11. What are the prime factors of d(r)?
3, 11
Let v(s) = 31*s**3 + 12*s**2 + 4*s - 70. Let j be v(11). Suppose 0 = -0*g + 51*g - j. What are the prime factors of g?
3, 31
Let d(a) = 16*a**3 + 6*a**2 + a - 13. Let o be d(-4). Let y = -44 - o. List the prime factors of y.
17, 53
Suppose -5*p + 2*u = -52, 7*p + 15 = 9*p + 5*u. Suppose 0 = -p*l + 14*l - 2320. List the prime factors of l.
2, 5, 29
Suppose 611 = -2*j + 5*j - 5*x, x = -j + 209. Let z be (-40)/(-15)*(-978)/(-8). Let t = z - j. What are the prime factors of t?
7, 17
Let a be (-2765)/(-6) - 10/12. Let f = a + -397. What are the prime factors of f?
3, 7
Let b(n) = -643*n - 2088. List the prime factors of b(-19).
7, 1447
Suppose -3*c - 58 = -358. Let m = -8 + c. Suppose 29*p = 25*p + m. What are the prime factors of p?
23
Let n = -5 + 57. Suppose -2*y - n = -84. What are the prime factors of y?
2
Suppose -408425 - 461913 = -107*p. List the prime factors of p.
2, 7, 83
Suppose 2949 = -9*k - 1128. Let l = 888 + k. What are the prime factors of l?
3, 5, 29
Let i be 3/(-15) - (-3 - (-82)/(-10)). Let y(x) = x**3 - 6*x**2 - x + 59. What are the prime factors of y(i)?
653
Let x(k) = -17*k - 50. Let l be x(6). Let v = 175 + l. List the prime factors of (v/(-4))/((-12)/288).
2, 3, 23
Let n be (22 - 7)*2/3. Let m(w) = -w**3 + 11*w**2 - 11*w + 14. Let q be m(n). Suppose -q*u + 276 = 2*r, 3*u - u - 2*r = 138. What are the prime factors of u?
3, 23
Suppose -12 = -47*j + 49*j. List the prime factors of j/4*(-78200)/138.
2, 5, 17
Let g = 26 - 29. Let t be (g/(-2))/(15/10). List the prime factors of (-3)/(t - 3 - (-360)/184).
3, 23
Let r = 4290 + -3067. List the prime factors of r.
1223
Let z = -193 + 221. Suppose -h = -86 - 23. Suppose k - h = -z. What are the prime factors of k?
3
Suppose 0 = 2*s - 2*r - 12105 - 30829, r + 85862 = 4*s. What are the prime factors of s?
3, 5, 53
Let d(j) = 6*j - 2. Let m be d(-12). Let w be (m - -6)/(-1)*(-2)/(-8). Let x(o) = -o**2 + 23*o - 17. What are the prime factors of x(w)?
5, 17
Suppose 3*t + 2 = 5, -t - 111 = 4*n. What are the prime factors of -7 + 439 + n/(-4)?
439
Suppose -124972 - 144200 = -18*s. Suppose s = 14*k - 3610. What are the prime factors of k?
2, 3, 13, 17
List the prime factors of 73/((-1)/24*-8).
3, 73
Suppose 0 = 3*t + 2*c - 8745 - 137906, 244360 = 5*t - 5*c. What are the prime factors of t?
3, 5431
Let l = 79873 + -44838. List the prime factors of l.
5, 7, 11, 13
Let g = -182 - -186. Suppose -j - g*y + 42 = -7*y, 3*y = 5*j - 150. List the prime factors of j.
3
Let h = -2005 - -2925. Suppose 199 = p + 4*i, -5*p = 2*i - 7*i - h. List the prime factors of p.
11, 17
Let j(t) = 3*t**3 + 37*t**2 + 8*t - 1. Suppose 0 = 8*x + 33 + 63. List the prime factors of j(x).
47
Suppose 0 = -99*z + 112*z - 52. What are the prime factors of 325 + -2 + (-16)/z?
11, 29
Suppose 38*c - 316197 = -25*c. What are the prime factors of c?
3, 7, 239
Suppose 44698 = 4*k + 3*o, 3*k - 33530 = -144*o + 145*o. What are the prime factors of k?
2, 11, 127
Let t = 538 - 313. Let d = -4284 - -4200. List the prime factors of t/7 + 12/d.
2
What are the prime factors of 22/220 - 14*56708/(-80)?
2, 3, 827
Let o be (1*12)/(5/10). Let v be 507/18 + (-4)/o. Suppose -3*k + v = -k. List the prime factors of k.
2, 7
Suppose 3*w - 3547 - 11446 = -5*d, -3*w - 14987 = -5*d. List the prime factors of d.
2, 1499
Suppose 2*d + 2410 = 2*b, -2*b - 4*d = -b - 1205. What are the prime factors of b?
5, 241
Suppose 21*v + 40 = 13*v. What are the prime factors of (((-5195)/2)/v + 4)*2?
3, 349
Let c(m) = m**2 - 20*m + 57. Let y be c(20). Suppose -y*z + 53*z = -1744. List the prime factors of z.
2, 109
Suppose 0 = -188*v - 20*v + 2092272. What are the prime factors of v?
3, 7, 479
Suppose -d + 3*y = 4, d + 4*y - 7 = 2*d. Let r(b) = -2*b**2 + b + 7. Let m be r(d). Let h = m + 134. List the prime factors of h.
2, 3
Let q(s) be the first derivative of -s**2/2 + 7*s + 22. Let d be q(13). List the prime factors of 94 - (2 - d - 4).
2, 3, 5
Let b be 1*3 + -270 + 0. Let c be -3 - 2 - (4 + b). Suppose -2*p - c = -8*p. List the prime factors of p.
43
Let q(n) = -11*n**2 + 31*n - 54. Let r(v) = -24*v**2 + 63*v - 108. Let c(p) = -9*q(p) + 4*r(p). What are the prime factors of c(16)?
2, 3, 5, 13
Suppose 12*v - 8*v - t = -1530, -379 = v - 2*t. Let l = v - -899. List the prime factors of l.
2, 3, 43
Let f(b) = b**3 + 2*b**2 - 4*b - 1. Let v be f(-4). Let q = -16 - v. Let o(i) = i**3 - 3*i**2 + 5*i - 1. List the prime factors of o(q).
2
Suppose 3*j - x = 129, -3*x + 86 = -0*j + 2*j. Let i = 437 - j. What are the prime factors of i?
2, 197
Let a(z) be the second derivative of -18*z**3 + 17*z**2 + 5*z. What are the prime factors of a(-2)?
2, 5
Suppose k - 4*j + 28 = 0, 3*k - 2*j = -5*j - 9. Let d = 4 + k. What are the prime factors of (133/28 - 5) + (-1045)/d?
3, 29
Suppose v - 3*h = 16394, 68*h - 65*h = -v + 16358. List the prime factors of v.
2, 23, 89
Let f be (20/(-4) - 65)*2/5. Let k = f + 418. What are the prime factors of k?
2, 3, 5, 13
Suppose 0*i + i + 0*i = 0. Let x be 12 + 10 - i*2/(-4). List the prime factors of (55/(-10))/(-1)*x.
11
Let c(d) be the third derivative of -d**6/40 - 3*d**5/10 - 5*d**4/12 - 3*d**3/2 + 6*d**2 + 11. Let k = 3 + -10. List the prime factors of c(k).
2, 13
Let x(l) = 4*l**2 + 36*l - 43. Let c(u) = -4*u**2 - 37*u + 42. Let b(k) = 2*c(k) + 3*x(k). List the prime factors of b(-16).
3, 5, 29
Suppose 2*t = 3*d - 4, 0 = -2*d + 3*t - 10 + 6. Suppose 4*x = 3*y - 638, -4*y + 6*y + d*x - 452 = 0. List the prime factors of y.
2, 109
Suppose